11) in base 2?
-111011111011010001000
Convert -1120213043 (base 6) to base 10.
-12334707
Convert -642644 (base 8) to base 15.
-4380b
Convert -267a328 (base 11) to base 10.
-4625618
What is -7720b (base 12) in base 15?
-31a32
1101220011211 (base 3) to base 16
b61a9
774525 (base 9) to base 3
212111120212
2002221102 (base 3) to base 10
41510
-10010110100100101 (base 2) to base 11
-52a15
-701045 (base 9) to base 11
-263147
-692514 (base 16) to base 10
-6890772
Convert 478128 (base 9) to base 8.
1062476
-2366817 (base 9) to base 7
-13626463
What is 10241397 (base 10) in base 3?
201021022120000
-221123003130 (base 4) to base 15
-e475e6
Convert 620 (base 14) to base 7.
3340
Convert -140133 (base 10) to base 9.
-233203
What is -133130123323 (base 4) in base 16?
-7dc6fb
-1622304 (base 7) to base 3
-102101110010
Convert -175497 (base 10) to base 7.
-1330440
Convert -3a81c3 (base 13) to base 16.
-15a0b1
What is 5a6470 (base 11) in base 3?
1210210011102
Convert -1222101 (base 9) to base 15.
-d1c01
What is -71813 (base 9) in base 8?
-134324
-831526 (base 10) to base 3
-1120020122021
What is 3289ac (base 13) in base 11?
743277
Convert 1101100100000101001 (base 2) to base 8.
1544051
1a24b8 (base 13) to base 5
132141444
Convert -d03e9 (base 15) to base 4.
-2200321023
Convert -649219 (base 10) to base 6.
-21525351
What is -620026 (base 9) in base 10?
-367440
What is -13010003012 (base 4) in base 11?
-1055144
What is -82cbe3 (base 16) in base 11?
-49251a4
Convert 12302140 (base 5) to base 4.
131010011
-101000100000111001 (base 2) to base 14
-44693
-144323213 (base 5) to base 14
-163095
What is 322333000 (base 4) in base 2?
111010111111000000
What is -1a427 (base 11) in base 4?
-12330300
14b064 (base 12) to base 15
6de5a
d4d55c (base 14) to base 3
111111220000002
1000002 (base 11) to base 14
341883
What is -4154a4 (base 13) in base 5?
-342304103
Convert -11101201211 (base 3) to base 14.
-23789
What is -3102121123 (base 4) in base 10?
-861787
-65350 (base 7) to base 9
-24324
36536404 (base 9) to base 5
14032412213
4e2e8 (base 15) to base 3
110201111202
Convert -16242 (base 13) to base 12.
-20473
Convert -2412430210 (base 5) to base 10.
-5592555
Convert -167931 (base 12) to base 14.
-a0cbb
Convert 2065156 (base 9) to base 13.
2c956b
52fb4 (base 16) to base 7
2613640
Convert -1015a (base 13) to base 6.
-341205
Convert 1759 (base 11) to base 9.
3061
What is -10635346 (base 9) in base 3?
-100201012101120
-22b1ea (base 16) to base 9
-4245021
-2215054 (base 6) to base 11
-76669
What is 213032222 (base 4) in base 12?
78ba2
What is -10154025 (base 7) in base 14?
-1831bc
Convert 1c4c47 (base 15) to base 14.
2800bc
What is -10110010000010010110 (base 2) in base 16?
-b2096
10220100210 (base 3) to base 9
126323
What is -61b69 (base 12) in base 10?
-127809
Convert 4211512 (base 7) to base 8.
1736510
Convert -573537 (base 8) to base 15.
-3c8ee
16b0c9 (base 15) to base 4
10030222113
Convert 57440 (base 8) to base 5.
1234402
-1102002112022 (base 3) to base 6
-24023142
Convert -6ab10 (base 12) to base 15.
-2c6cc
What is -21202020122111 (base 3) in base 6?
-224135321
What is -91cb3a (base 14) in base 6?
-253153504
Convert -10204141 (base 5) to base 16.
-14bb9
Convert 101000110001011101 (base 2) to base 11.
104523
1013342021 (base 5) to base 12
849785
21a1758 (base 13) to base 4
213112003312
Convert 250015 (base 7) to base 13.
17a01
-11010000101111101010 (base 2) to base 15
-11d513
2374b6 (base 13) to base 12
348849
Convert 2055500 (base 6) to base 3.
12010121200
303034120 (base 5) to base 7
13244143
What is 23514010 (base 6) in base 16?
b4e16
-4b68ea (base 16) to base 5
-2231121213
What is 5525076 (base 8) in base 2?
101101010101000111110
Convert -79058 (base 11) to base 4.
-123331201
Convert -12242 (base 12) to base 4.
-11333102
1212223022 (base 5) to base 7
33144545
-67248 (base 9) to base 15
-d385
Convert 3585345 (base 9) to base 6.
105413105
What is -1783812 (base 11) in base 6?
-144430112
What is 44451453 (base 6) in base 2?
101001000001101011001
-1838172 (base 10) to base 15
-26499c
-1530101 (base 6) to base 5
-10330321
Convert 5471684 (base 9) to base 14.
567923
Convert 3ae31 (base 15) to base 7.
1414333
What is -3618b9 (base 13) in base 12?
-521b02
Convert -3467632 (base 9) to base 16.
-1c9e2f
-12413343 (base 7) to base 6
-40113553
What is -5a2738 (base 12) in base 15?
-1db638
-ad20 (base 14) to base 6
-350544
36b2 (base 15) to base 6
125522
Convert -2b15a5 (base 12) to base 5.
-141301313
6575426 (base 8) to base 4
12233230112
Convert 31522662 (base 8) to base 6.
400103534
What is 1220301222 (base 4) in base 5?
102213122
Convert 8507 (base 14) to base 11.
16264
-4899551 (base 12) to base 9
-28537057
-7b378 (base 12) to base 6
-3310232
-532464 (base 7) to base 13
-32c49
What is -421346 (base 7) in base 15?
-1676e
Convert -266601 (base 8) to base 14.
-26157
-1a5660 (base 11) to base 5
-40034113
What is -6360235 (base 8) in base 6?
-100203221
Convert 12250 (base 7) to base 3.
11102021
-5be941 (base 15) to base 11
-2538116
Convert -2205210 (base 6) to base 13.
-3b103
Convert -102605 (base 8) to base 7.
-201440
Convert 1523212 (base 7) to base 12.
a019a
Convert 48146 (base 11) to base 4.
100330013
What is -947273 (base 11) in base 12?
-61233a
-2232123301 (base 4) to base 11
-448889
What is 3b577 (base 13) in base 3?
12121222110
What is 23a261 (base 11) in base 5?
44122034
What is 14470026 (base 8) in base 3?
20012221021201
Convert -442027 (base 11) to base 7.
-5665506
-19132 (base 14) to base 12
-307b4
422666 (base 8) to base 6
3003302
-101037 (base 8) to base 7
-166055
What is 2de1ae (base 15) in base 11?
128a346
Convert 812b (base 14) to base 9.
33382
Convert -8d454 (base 14) to base 13.
-c0688
-100001100001001000101 (base 2) to base 4
-10030021011
What is 67c58 (base 13) in base 11?
119979
Convert -310064 (base 8) to base 2.
-11001000000110100
Convert -1333326 (base 7) to base 16.
-2b155
What is 7c62 (base 16) in base 9?
47610
What is -2011202000211 (base 3) in base 14?
-22150c
Convert -58500 (base 10) to base 9.
-88220
Convert -1024305 (base 8) to base 7.
-2213461
Convert 27c6bb (base 16) to base 7.
31104640
Convert -2410360 (base 7) to base 10.
-305116
What is -1215b5c (base 15) in base 16?
-c60ced
What is -121212002 (base 4) in base 13?
-38942
1110110001100001110001 (base 2) to base 15
5177c1
What is 150678 (base 11) in base 10?
235067
1000001011011111101010 (base 2) to base 7
24140261
Convert 14172514 (base 8) to base 15.
435a19
What is -188827 (base 11) in base 13?
-a1bc2
What is 11103213340 (base 5) in base 15?
1104065
What is -3051860 (base 11) in base 3?
-101010212001000
Convert -2212010101 (base 3) to base 8.
-155640
Convert -664030 (base 10) to base 6.
-22122114
What is 2798137 (base 10) in base 11?
1641311
What is 6471b (base 12) in base 8?
402407
Convert -511413321 (base 6) to base 16.
-85a251
1a4418 (base 12) to base 15
925d5
What is -7c68a (base 15) in base 3?
-202010200211
Convert 10463534 (base 8) to base 13.
60c343
What is 12025120 (base 7) in base 4?
10010013031
Convert 312413023 (base 5) to base 7.
14001551
8b6624 (base 14) to base 3
22220221221202
Convert -233121233 (base 4) to base 5.
-22203114
Convert 536330 (base 8) to base 12.
879b4
-24135573 (base 8) to base 9
-10853640
What is a12085 (base 12) in base 13?
69c86c
Convert 22c61 (base 16) to base 2.
100010110001100001
13010200102 (base 4) to base 15
26928d
What is 11123302 (base 4) in base 3?
1010112101
-168b16 (base 14) to base 10
-792448
Convert 15614824 (base 9) to base 7.
123223660
Convert -2201221010011 (base 3) to base 5.
-333031134
-41d450 (base 16) to base 11
-2487353
Convert 457a6 (base 11) to base 7.
363644
-21231320321 (base 4) to base 9
-4712155
What is -10001011001001100010 (base 2) in base 16?
-8b262
Convert -35ae31 (base 15) to base 4.
-21303000010
-41398 (base 12) to base 2
-10100110011100100
46c46 (base 16) to base 15
5ad42
What is 1e3e4e (base 15) in base 12?
5b5402
-1010101110011111111 (base 2) to base 15
-6e227
Convert -10121001200 (base 3) to base 13.
-2628c
What is 33333010 (base 4) in base 12?
31a84
27a5a1 (base 16) to base 6
131405105
Convert 21213113 (base 4) to base 3.
2000000122
Convert -130322011 (base 4) to base 2.
-11100111010000101
Convert -1000100111011011001 (base 